t is w(b)?
0
Let z(r) = -5*r. Let m = 7 - 4. Suppose -m*l + 25 = -o, l + 0*o + 3*o = 25. Let j = -9 + l. Determine z(j).
-5
Let z(y) = -1. Let r(m) = m**2 + 0 + m**3 - 2*m - 2 + 6. Let h(d) = -r(d) - 4*z(d). Calculate h(-2).
0
Let i(t) = -t**3 - 4*t**2 - 3*t + 4. Let l be i(-3). Let y(d) = -l - d - 4*d + 4*d. What is y(0)?
-4
Let y(j) = 28 + 1 + j - 17. What is y(-6)?
6
Let o(c) = -3*c - 29. Let i be o(-9). Let j(k) = -2*k + 1. Give j(i).
5
Let d(x) = x + 3. Let s be d(4). Let j = s - 7. Let w(i) = -5 + 5*i**2 + 2 - i**3 - 1 + j*i**3. Calculate w(5).
-4
Suppose 4*m + 22 = -3*z, -2 = 5*z + 2*m + 16. Let j be 1 - (z - (2 - 4)). Suppose 0 = 2*g - g - j. Let t(d) = -3*d**2 + 1. Determine t(g).
-2
Let a(b) be the second derivative of b**5/20 + b**4/12 + b**3/6 + b**2/2 + 6*b. Determine a(0).
1
Suppose -7*x - 102 + 116 = 0. Let c(s) be the first derivative of -x - 1/2*s**2 + s. Calculate c(-1).
2
Let r = -1 + -1. Let j(k) = -2*k**2 + k - 2. Let m(x) = x - 1. Let b(z) = r*m(z) + j(z). Determine b(1).
-3
Let p(a) be the third derivative of -a**6/12 + a**5/30 - a**4/12 + a**3/6 - 31*a**2. Calculate p(1).
-9
Let n(b) = -7 - 2*b + 3 + 2 + b**2. Let m = -8 - -6. Calculate n(m).
6
Let d(i) = 13*i**3 + 2*i**2 - 1. Suppose -z = -4*s - 2*z, 2*s - 4*z + 18 = 0. Determine d(s).
-12
Let d(c) be the first derivative of -3*c**2/2 - c + 5. Give d(-1).
2
Let w be -1*(-6)/((-30)/(-25)). Let x(a) be the second derivative of -a**5/20 + a**4/3 + 5*a**3/6 - 7*a**2/2 - a. Give x(w).
-7
Let v(y) = -5*y + 3. Let t(q) = -q. Let f(d) = -6*t(d) + v(d). What is f(0)?
3
Let a(v) = 11*v - 25*v + 12*v. Calculate a(-2).
4
Let k(v) = -v - 2. Let o be k(-7). Let f(t) = -2*t**3 + 3*t**2 + 5*t + 5. Let x(z) = -z**3 - z**2 + z + 1. Let r(d) = f(d) - x(d). Calculate r(o).
-1
Suppose -o - q - 2 = 0, o + 2*o + 5*q + 14 = 0. Let t(c) = 4*c**3 - 4*c**2 + 3*c. Calculate t(o).
22
Let p be 22/2 - 2 - -2. Let y = p + -10. Let v(d) = -23*d + 10. Let o(x) = 15*x - 7. Let c(a) = 7*o(a) + 5*v(a). Calculate c(y).
-9
Let i(l) = 21*l - 4. Let t(c) = -11*c + 2. Suppose -11 = -4*k + 5*k. Let q(r) = k*t(r) - 6*i(r). Determine q(2).
-8
Let n(u) be the third derivative of -1/24*u**4 + 0*u + 0 - u**2 + 5/6*u**3. Determine n(5).
0
Let t(o) = 63 + o + o**3 + 5*o + 2*o - 72 + 10*o**2. What is t(-9)?
0
Suppose -4*i = -i - 51. Let q = -18 + i. Let c(x) = -4*x**3 - 2*x - 1. Calculate c(q).
5
Let g = -2 + 8. Let d be ((-20)/g)/(4/(-12)). Let j = d - 7. Let i(r) = r**2 - 3*r - 3. Determine i(j).
-3
Let t be -2 + -1 + (3 - 1). Let z(k) = -7*k. What is z(t)?
7
Let p(f) = 4*f + 3. Let m(q) = -q. Let y be m(-3). Calculate p(y).
15
Let x(c) be the third derivative of -c**5/60 + c**4/24 + c**3/2 - 15*c**2. Determine x(4).
-9
Let o(m) = m**3 - 3*m**2 - 5*m + 4. Suppose 0 = -4*c + c + 12. Let l = c + -9. Let b(t) = t**3 + 6*t**2 + 3*t - 6. Let u be b(l). Determine o(u).
0
Let l = 6 - 6. Suppose 6*b - 3*b - 15 = l. Let y(z) = -4*z**2 + 5*z + 3 + 3*z**2 - 1. Give y(b).
2
Let r(k) = k**2 + k. Let o be r(-1). Let z(v) = -v**3 - v**2 - 8. Calculate z(o).
-8
Let c(d) = d**3 + 6*d**2 + 6*d + 8. Let z be c(-5). Let h(u) = u**3 - 2*u**2 - 2*u - 1. What is h(z)?
2
Let m(v) = -1 + 5*v**2 + v**3 + 339*v - 17*v**2 - 351*v - 6. Give m(13).
6
Let f(c) = c**3 + c**3 - 3*c**3 - 8*c - 7 - 7*c**2. Let d be (-15)/((-270)/(-112)) - 4/(-18). What is f(d)?
5
Let l(z) = z**2 + 8*z + 1. Let d be l(-8). Let h(a) = -a + 3. Let s(t) = 2. Let g(f) = 2*h(f) - 3*s(f). What is g(d)?
-2
Let c(m) = -7*m + 13. Let o(g) = 8*g - 14. Let i(k) = -5*c(k) - 4*o(k). Calculate i(6).
9
Let y(k) be the second derivative of -k**6/360 + k**5/24 + k**4/12 - k**3/3 + 3*k. Let v(q) be the second derivative of y(q). What is v(4)?
6
Let p be ((-2)/(-4))/(1/2). Let j(f) = -12*f**2 - f. Determine j(p).
-13
Let j(x) = -16*x - 8. Let q(u) = -4*u - 2. Let m(r) = -2*j(r) + 9*q(r). Suppose v - 6 = 4*n, 3*v + 2 = 2*v. Calculate m(n).
6
Let o(s) = -s**2 + 3*s + 3. Let j be (-1 - -4) + -2 - 4. Let r(w) = -w**2 + 3*w + 3. Let z(a) = j*r(a) + 4*o(a). Determine z(3).
3
Let g(l) = l**3 - 3*l**2 + 3*l - 1. Suppose -d - 5*d = -12. Determine g(d).
1
Suppose 1 = -5*o + 4*q + 8, -5*o + q + 13 = 0. Let u(w) = 3 - 2 - 7*w - 5 - 6*w**2 - w**o. Give u(-5).
6
Let m(n) = n + 3*n - 2*n - 7*n + 4 - n**2. Give m(-7).
-10
Let x(a) = a**3 - 7*a**2 + 8*a - 9. Suppose -4*o = -0*o - 12, -2*z - 4*o + 20 = 0. Suppose -s = -1 + 2, 28 = 4*c - z*s. What is x(c)?
3
Let b(q) = -23*q + 3. Let i(z) = -23*z + 3. Let p(j) = 3*b(j) - 2*i(j). Suppose 0*w - w + 6 = 0. Let m(n) = 8*n - 1. Let x(f) = w*p(f) + 17*m(f). What is x(1)?
-1
Let i(s) = -s**3 - 3*s**2 - s - 3. Suppose 4*a + 20 = 0, 2*g + 3*a - 5*a = 16. Suppose -4*w = -5*w - g. Calculate i(w).
0
Suppose -3*z - 4*o + 18 = o, 5*o = 0. Suppose -y = -z*y. Let n(s) = s**2 - s - 7. What is n(y)?
-7
Let u(a) = -2*a + a**2 - 2 + 9 - 7. Calculate u(5).
15
Let i(u) = -2*u**2 - u**2 - u**2 - 1 + u. Suppose 0*c + 3*c + 1 = -5*q, -2*q = c. Determine i(q).
-4
Let f(q) = 11*q**2 - 4 - 4*q**2 - 6*q**2. Give f(3).
5
Let l(o) = -o + 1. Let v(i) = -4*i + 8. Let b(k) = 3*l(k) - v(k). Determine b(8).
3
Let d(z) = -z**3 + z**2 + 2*z - 3. Let a be d(2). Let p = a + 7. Let x(r) = r**3 - 6*r**2 + 6*r. Determine x(p).
-8
Let x(o) = 2*o**3 - 12*o**2 + 6*o + 1. Let r(w) = -w**3 + 6*w**2 - 3*w - 1. Let f(h) = 7*r(h) + 3*x(h). Give f(5).
6
Let o(b) be the first derivative of 2/3*b**3 + 2*b + 3/2*b**2 - 3. Give o(-2).
4
Let u(h) be the first derivative of h**2/2 + 3*h - 3. Give u(-9).
-6
Let s(p) = p**3 - 2*p**2 - 2. Let f be (18/14 - 1)/(23/161). Give s(f).
-2
Let b(d) = -d**2 + 3*d + d + 586 - 583. Give b(5).
-2
Suppose -13*a + 14*a + 4 = 0. Let d(x) = 2*x - 1. Give d(a).
-9
Let n(a) = 3*a + 6 - a**2 + 2*a**2 + 2*a. Suppose 3*r + s = -r, 3*s + 14 = 2*r. Let y = -3 - r. What is n(y)?
2
Let w(r) = 4*r - 5. Let x(h) = 17*h - 21. Let s(j) = 9*w(j) - 2*x(j). What is s(4)?
5
Let z(r) be the second derivative of -5/12*r**4 + 2*r + 1/20*r**5 + 0 + 2/3*r**3 - 7/2*r**2. Determine z(5).
13
Let v(p) = -6*p - 1. Let y(s) = -s**3 - 5*s**2 + 7*s + 3. Let i be y(-6). Let q(f) = f**2 - 1 - 14*f - 3 + 16*f. Let c be q(i). Calculate v(c).
5
Let q(l) be the first derivative of l**2/2 + l + 8. Let s(j) = -1. Let n(u) = q(u) + 3*s(u). Give n(4).
2
Let u = -14 - -12. Let z(o) = 2*o**3 - 2*o. Determine z(u).
-12
Let u(j) = -j + 10. Let r be u(7). Suppose r = -l - 2*l. Let i be 4 + -3 - (-2)/l. Let n(k) = -3*k**2 + 1. Give n(i).
-2
Let v(q) = -3*q - 2. Suppose 0 = -y - 3*x - 3, x + 4*x + 19 = 3*y. Calculate v(y).
-11
Let k(z) be the second derivative of z**5/120 + z**4/6 - z**3/2 - 7*z. Let o(a) be the second derivative of k(a). What is o(-6)?
-2
Let l(r) = -6*r + 1. Let y(z) = -z. Let v(w) = l(w) - 4*y(w). Calculate v(-5).
11
Let b(v) = v**3 - 3*v**2 - 5*v - 3. Let a be b(4). Let o(j) = j**3 + 6*j**2 - 7*j + 2. What is o(a)?
2
Let w(j) = j**2 - 18*j + 29. Let x be w(16). Let t(l) be the second derivative of -l**3/6 + 2*l**2 + 2*l. Calculate t(x).
7
Let o(y) = y + 2. Let d be 3 + 0 + -4*3. What is o(d)?
-7
Let f(q) = q**3 + 9*q**2 + 7*q + 7. Let b(h) = -h**2 - h - 1. Let g(l) = -4*b(l) - f(l). What is g(-4)?
-7
Suppose h = -2*d + 12, 3*h + d - 9 = 2. Let m(i) be the first derivative of 3/2*i**2 + 3*i + h. Give m(-4).
-9
Let z(y) = -6*y**2. Let m be 0*((-12)/(-8))/(-3). Suppose m*r = -2*r - 2. Give z(r).
-6
Let z(l) = l**3 + 5*l**2 + 2*l + 8. Let i be z(-5). Let r(t) = -3*t. Determine r(i).
6
Let d(f) = -f**2 - 7*f - 3. Let p(h) = 3*h**2 + 15*h + 5. Let l(b) = 5*d(b) + 2*p(b). Let t(g) = -g + g**2 + 1 + 5*g**2 - g**2. Let s be t(1). Calculate l(s).
-5
Let y(l) be the third derivative of -l**6/120 - l**5/20 + l**4/4 + 2*l**3/3 - 4*l**2. Determine y(-4).
-4
Let n(f) = 3 + 11*f - 10*f - 3. Determine n(0).
0
Let y(b) = -7*b**2 + b + 2. Let k(d) be the first derivative of -4*d**3/3 + d + 3. Let g(h) = -5*k(h) + 3*y(h). Let c = 14 - 10. Calculate g(c).
-3
Let s(a) = a**2 + a - 1. Let x(l) = 6*l**2 + 10*l - 12. Suppose 1 = 2*g - 1. Let r(y) = g*x(y) - 5*s(y). Determine r(-6).
-1
Let l(b) be the third derivative of -b**4/24 + b**3/2 + 57*b**2. Let c(h) = h**2 + 5*h - 2. Let t be c(-4). Calculate l(t).
9
Let m = -413/6 - -69. Let o(w) be the third derivative of 0*w + m*w**3 + 0 + 1/4*w**4 - 4*w**2. Give o(1).
7
Let d(g) =